 the tens digit of (-2)/g - 132/(-9)?
1
Suppose -2*k + 0 + 2 = 0. Suppose -d + 8 + k = h, -40 = -4*d - 5*h. Suppose d*v - 51 = -3*a + v, 3*a - 3*v = 30. What is the tens digit of a?
1
Let q(j) = 2*j**2 - 29*j - 4. Let n(u) = -u**2 + 10*u + 1. Let o(g) = -8*n(g) - 3*q(g). What is the units digit of o(-4)?
8
Suppose 32 = 2*w + 2*w. What is the units digit of w?
8
Let d be 2/(-3)*-6 + 0. Suppose 2*t - 6 = d*t, 4*t = -5*h + 268. Suppose 3*m + 4*n = 29, n = -5*m + 15 + h. What is the tens digit of m?
1
Suppose -4*y + 12 = c - 2, 3*y = 4*c + 1. Suppose h + c*h - 3 = 0. What is the units digit of h?
1
Let i be 18*(-1)/(9/12). Let b = 9 + i. What is the tens digit of 0 + -2 - (b - -2)?
1
Let x be (4/(-8))/((-2)/52). What is the units digit of x/(-3)*(0 - 3)?
3
Suppose 2*v + 6 = 5*v. Suppose v*x - 26 = 12. What is the tens digit of x?
1
Suppose -6*j + 217 = j. What is the tens digit of j?
3
Let u be (4/4)/(1/(-2)). What is the units digit of (0 - u) + -6 + 8?
4
Let f(j) = 2*j**3 - 2*j**2 - 4*j + 3. What is the tens digit of f(3)?
2
Let b be (-110)/((-4)/(-6)*-3). Suppose -b = -5*i + 15. What is the tens digit of i?
1
Suppose -4*l + 15 = -9*l. What is the units digit of (16/10)/(l/(-30))?
6
Suppose -3*q = 3*a + 2*q + 28, 0 = 2*q + 10. What is the units digit of (a/(-3))/(4/12)?
1
Let k(z) = 2*z**3 - 3 - 5*z**3 + 2*z**3 - 5*z**2 - 5*z - 1. Let b be k(-4). Suppose b = 2*j - 6 - 28. What is the units digit of j?
7
Let t be (2 - 2)/(3 - 1). Let b = 0 + 0. Suppose b = -3*i - 3*z + 6, t*z = 2*i - z - 4. What is the units digit of i?
2
Let a(o) = o**3 - o + 1. Let z be a(1). Let t = z + -1. Suppose -16 = 2*y - 2*r - 2*r, t = -4*y + 5*r - 17. What is the units digit of y?
2
Suppose -3*c - 1 + 13 = 0. Let f be (3*c)/(2/5). Suppose 0 = x + 2*x - f. What is the tens digit of x?
1
Let b(m) = m**2 + 2*m - 3. Let l be b(2). Suppose 2*u - 5*z = 39, -3*u + l*z = 22 - 73. What is the tens digit of u?
1
Let t(a) = a**2 + 5*a - 8. What is the units digit of t(-7)?
6
Let c = 38 - -40. What is the units digit of c?
8
Let v = 19 - -24. What is the tens digit of (-1)/(v/(-14) + 3)?
1
Suppose 0 = -4*f + 4*b + 56, -2*f - f = -4*b - 40. What is the units digit of f?
6
Let f(r) = r + 11. Let t be f(-7). Suppose 4*s - 5*q = s + 9, s - 3 = t*q. Suppose s*d - 10 = -b - 0*b, b - 2*d = 15. What is the units digit of b?
3
Suppose v - 20 + 5 = 0. What is the units digit of v?
5
Suppose -1091 = -5*n - 316. What is the tens digit of n?
5
What is the tens digit of (-1)/(-2 - 123/(-63))?
2
Suppose 2*g + 6 = 0, -3*y + 11 = 5*g + 2. Suppose k = -s + y, -s + 4*k = s - 4. Suppose 0 = s*a - 5*a - 6. What is the units digit of a?
6
Let x(f) = f - 6. Let l be (0 + -12)/(-2)*1. Let q be x(l). Let z = 10 + q. What is the tens digit of z?
1
Let v(j) = -j - 1. Let g be v(0). Let d be (g - -2)/(2/4). Suppose 4*w - d*w - 14 = 0. What is the units digit of w?
7
Suppose -2*y + 5 = -3*y. What is the units digit of 6/(-2) + (y - -17)?
9
Let n = 148 - 78. What is the units digit of n?
0
Let b = 47 + -33. What is the units digit of b?
4
Let z = -3 + 65. What is the units digit of z?
2
Let h be 0 + 0 - (-3)/1. Let t = 2 + h. Suppose -2*m = 4*x - 23 + 7, m + t*x - 8 = 0. What is the units digit of m?
8
Suppose 27 = 5*u - c, -3*u = -5*u + 2*c + 14. What is the units digit of 2*u*(-42)/(-70)?
6
Let u = -2 + 0. Let r = u - -10. What is the units digit of r?
8
Let o be (-1)/(-7) + (-566)/(-7). Let c = o - 39. What is the tens digit of c?
4
Suppose 5*v - 9 = 2*v. Suppose 20 + 7 = v*n. What is the units digit of n?
9
Suppose -4*v = -5*q + 28, 0 = 5*q - v - 30 - 7. Let t = -5 + q. What is the units digit of (t*-1)/(4 - 5)?
3
What is the tens digit of 1 + -4 - -4*(2 + 4)?
2
Let k(r) be the third derivative of r**6/45 + r**3/3 - r**2. Let h(f) be the first derivative of k(f). What is the units digit of h(1)?
8
Suppose -5*o + 2*s = 4, -5*s = 3*o - s - 8. Suppose -4*f - 36 = -b, 5*b + o*f - 157 = -3*f. Suppose -3*g = -b + 8. What is the units digit of g?
8
What is the units digit of 2/10 - 3664/(-80)?
6
Suppose 6*w - 195 = 735. What is the hundreds digit of w?
1
Suppose 0 = 9*u - 5*u + 2*d - 728, -d = -5*u + 903. What is the tens digit of u?
8
Let v(c) be the third derivative of c**4/8 - 5*c**3/6 + 5*c**2. What is the tens digit of v(5)?
1
Let d(b) = 2*b**2 - 5*b + 3. Let z be d(3). Suppose 2*l = -3*h - l - z, -4 = 2*h + 3*l. Let o = h - -5. What is the units digit of o?
3
Let r be 34/8 + (-12)/(-16). Suppose 3*s - 4 = -5*x + 43, -s + 29 = r*x. Suppose -3*z + s + 6 = 0. What is the units digit of z?
5
What is the hundreds digit of (114/(-75))/(2/10)*-20?
1
Let j be -2 + 10 - (0 + 3). Suppose 5*n - 135 = -5*g, -4*g - j = -1. Suppose 5*c - 98 = -n. What is the tens digit of c?
1
Let g(r) = -r**2 + 3*r + 6. Let l be g(5). Let y = l + 10. What is the tens digit of (-4)/6*(-117)/y?
1
Let o(i) be the third derivative of i**5/60 + i**4/4 + i**3/2 + i**2. Let v be o(-4). Let u = v + 8. What is the units digit of u?
3
Let f = 18 - -15. What is the tens digit of f?
3
Let x(d) = 6*d**2 - 3. What is the units digit of x(3)?
1
Let b(m) = 3*m - 11. Let p be b(5). Suppose -3*v + 92 = -p*c, -4*c + 15 = -1. What is the units digit of v?
6
Let q(z) = z**2 - 5*z - 8. What is the tens digit of q(8)?
1
What is the tens digit of ((-830)/(-3))/5 + (-1)/3?
5
Let p be 1/(-3) - (-336)/(-18). Let w = 1 - p. Let r = w + -6. What is the units digit of r?
4
Let j(b) = -b**2 + 4*b - 1. Let d be j(3). Suppose c - 6 = -d. Suppose 3*i - 4*i = -3*f - 10, 0 = c*i - f - 29. What is the units digit of i?
7
Suppose 46 = 2*l - 0*l. Let o = 5 + l. What is the tens digit of o?
2
Let w = 17 + -6. What is the tens digit of w?
1
Suppose g - 22 = -5*t + 29, t + 113 = 2*g. What is the units digit of g?
6
Suppose 3*p - 34 = 4*n - 0, 0 = p - 2*n - 14. What is the units digit of p?
6
Suppose 9*v + 0*v - 882 = 0. What is the units digit of v?
8
Let s = -5 + 9. Suppose -s*z + 27 = -z. What is the units digit of z?
9
Let p(l) = -l**2 - 7*l + 4. Suppose 0 = 4*k - 9*k + 65. Suppose -3*q - 5 = k. What is the tens digit of p(q)?
1
Suppose -l + 1 + 3 = 0. Let p(b) = 5*b + 4*b**2 - b**2 + 0*b**3 - b**3 + 1. What is the units digit of p(l)?
5
Let q = 628 + -321. What is the units digit of q?
7
Let q = 8 + -6. Suppose -4*c + q*c = -2*k - 8, k + 10 = 4*c. What is the units digit of c?
2
Let u(x) = x + 1. Let w = -2 - -2. What is the units digit of u(w)?
1
Suppose 2*q - 4*v = -0*v - 8, v = -2*q + 12. Suppose 4*n + q - 36 = 0. What is the units digit of n?
8
Suppose -3*u - 4*y = -106, -u + 68 = u + 2*y. What is the tens digit of u?
3
Suppose 4*c = 2*f + 16, 3*f - 6*c = -2*c - 16. Suppose f = 4*v - 16, 0*y - 4 = 2*y - v. Suppose y*i + 10 = i. What is the tens digit of i?
1
Let a(b) = 8*b**2 - 16*b + 11. What is the tens digit of a(6)?
0
Suppose 5 = 2*o - 7. Let h be (7 + 2)*4/6. What is the units digit of 32/o - 2/h?
5
Let o = 10 + 5. Suppose o = 2*y + 2*k + 1, 17 = 2*y + 3*k. What is the units digit of y?
4
What is the units digit of 1680/45 + (-4)/3?
6
What is the tens digit of -18*(-3 + 6/4)?
2
Let i = -2 + 17. Let o = 96 + -94. Suppose i = o*u + 3. What is the units digit of u?
6
Suppose 0 = n + 4*n - 165. What is the tens digit of n?
3
Let a = 0 + 4. Suppose -a*w + 3 = -17. What is the units digit of w?
5
Suppose -s + 11 = x + 1, 3*s - 25 = -4*x. What is the units digit of s - (-3)/6*-2?
4
Let d(g) = 7*g**2 + 8*g - 3. Let l(z) = z**2 + z - 1. Let f(j) = d(j) - 4*l(j). What is the tens digit of f(-4)?
3
Suppose 0 = -y - 0*y - 4*z + 51, 5*y + 2*z - 201 = 0. What is the units digit of y?
9
Let i be 4/3 - 4/(-6). Suppose -i*h = -3*h - 2*q + 7, -q = -4*h + 55. What is the units digit of h?
3
Let c be (-18)/6 + -1 + 8. Suppose o - 2*x - 20 = -4, c*x + 14 = -o. What is the units digit of o?
6
Let b be 6 - (4 + 2*-1). Suppose b*v - 35 = -v. What is the units digit of v?
7
Let d(x) = 165*x**3 + 3*x**2 - x - 1. Let p be d(1). Suppose 2*g - p = -2*c - 2*c, 0 = 4*c + 5*g - 151. What is the tens digit of c?
4
Let o = 7 - 17. What is the tens digit of (-148)/(-5) + (-4)/o?
3
Suppose 8*x = 134 - 30. What is the units digit of x?
3
What is the units digit of (-56)/(-12)*(-3)/(-2)?
7
Let l(s) = -s**3 - 2*s**2 + 4*s - 2. Let r(t) = -t**3 - 3*t**2 + 4*t - 2. Let h(m) = -4*l(m) + 3*r(m). What is